 3*s + 192 + 199 = 0. Calculate the remainder when g is divided by (48/7)/((-2)/(-14)).
46
Let l be 80/36 - 2 - (-16)/9. Suppose l*v = -5*w + 173, -5*w = -2*v - 0*v + 203. What is the remainder when v is divided by 16?
14
Let p be ((-9 - 4) + 3)*(-2)/4. Let o(t) = 2*t - t + 2*t**3 + 4*t - 7 - 6*t**2 - t. What is the remainder when o(p) is divided by 38?
37
Suppose 22 = 4*c - 7*x + 5*x, -2*c = -2*x - 10. Let t(o) = 13*o - 67. What is the remainder when 42 is divided by t(c)?
9
Let f = -275 + 473. Suppose -3*q + 506 = 5*i, 2*i + 4*q = 5*q + f. Calculate the remainder when i is divided by 35.
30
Let p(l) = 3*l - 57. Let o be p(19). Suppose o = -a + 3*a. What is the remainder when 38 is divided by (-189)/(-11) - ((-2)/(-11) + a)?
4
Let q(s) = 19*s**3 + s**2 - 2*s + 1. Suppose -4*n = 5*h - 198, -9*n - 5*h - 114 = -11*n. Calculate the remainder when n is divided by q(1).
14
What is the remainder when (-25 - (-19 - -14)) + 372 is divided by 26?
14
Let y = 76 + 270. Calculate the remainder when y is divided by 39.
34
Suppose 8*a - 4 = 12*a, 5*a - 2770 = -5*o. Let l = 564 - o. Calculate the remainder when 33 is divided by l.
6
Suppose -5*c + 15 = -5. Suppose 88 = c*r - 3*r. Suppose a - r = -a. What is the remainder when a is divided by 17?
10
Suppose -242 - 1501 = -7*d. Let k(p) = -p**3 + 9*p**2 - 13*p - 7. What is the remainder when d is divided by k(5)?
25
Let q = 498 + -479. Suppose -11*d = -7*d - 892. What is the remainder when d is divided by q?
14
Let r(s) = -8*s - 171. Suppose 0 = 45*m - 14*m + 868. What is the remainder when r(m) is divided by 15?
8
Let z(p) = -22*p**2 + 1279*p + 251. What is the remainder when z(58) is divided by 418?
7
Let q(m) = -30*m + 197. What is the remainder when 2056 is divided by q(6)?
16
Suppose -31 = -3*o + 2*i + 47, -31 = -o - i. What is the remainder when 108/1 + 0/o is divided by 32?
12
Suppose -36*n - 44*n = -1280 + 400. Let v(x) = 4*x**3 + 2*x**2 - 2*x - 2. What is the remainder when v(2) is divided by n?
1
Let r(v) = 689*v + 8352. Let m(g) = 5*g + 3 - 2 + 2*g. Calculate the remainder when r(-12) is divided by m(4).
26
What is the remainder when (88/5*(-2 + 3201/(-22)))/(-2) is divided by 645?
8
Let i = 50 + 8. Suppose 0 = -2*f - 38 + 44. Suppose -f*x + 58 + 2 = 0. Calculate the remainder when i is divided by x.
18
Suppose 102 = -d - 13*l + 35, -13 = -2*d - 5*l. Calculate the remainder when 646 is divided by d.
22
Suppose 3*v + 271 = -a + 774, -v - 3*a + 181 = 0. Suppose 0 = -16*d + 14*d + 5*z + v, z = -d + 97. What is the remainder when d is divided by 32?
29
Suppose -49*v + 20*v = -87. Suppose -v*t = -w - 0*w - 93, 2*t = 3*w + 62. Calculate the remainder when 245 is divided by t.
28
Let t = 4375 + -4249. Suppose -v + 11 = 2*v - 2*d, v - 5*d = 8. What is the remainder when t is divided by v?
0
Let m(v) = v**2 - 9*v - 132. Let g be m(-9). Suppose -82*s + 85*s - g = 0. Calculate the remainder when 12 is divided by s.
2
Suppose -95 = h - 6*h. Suppose -3*y = -3*k - 36, 5*y + 45*k - 40*k = 0. What is the remainder when h is divided by y?
1
Let u = -25 - -25. Suppose u = -4*y + s - 477, 3*y = 5*y - 3*s + 231. What is the remainder when 89 is divided by 1/((4/y)/(-1))?
29
Let m(g) = g - 1. Let t be m(-3). Let n be (-2)/t*(2 + 4). What is the remainder when 36 - -3*(-2)/n is divided by 18?
16
Suppose 0 = -6*d - 20*d. Suppose 5*l - 45 = 5*r - d, 3*r = 5*l - 53. What is the remainder when 506 is divided by l?
12
Let q = -5059 - -5078. Calculate the remainder when ((-138)/4)/((-10)/20) is divided by q.
12
Let i(t) = t**2 - 91*t - 2185. Suppose q - 29 = 2*q + 4*r, -2*r = 3*q + 57. Let j = q - -36. What is the remainder when i(-20) is divided by j?
16
Suppose 1060 = 2*j + 181*w - 184*w, 3*w - 6 = 0. Calculate the remainder when j is divided by 132.
5
Suppose -223*n + 364 = -210*n. Calculate the remainder when 92 is divided by n.
8
Suppose -3 = -2*k + 5*l, -5*l - 15 = -4*k - 4. Let a be (k/(-8))/(2/(24/(-3))). Suppose -a*t + 320 = 3*t. What is the remainder when t is divided by 11?
9
Let r(a) = a**3 - 23*a**2 - 19*a - 15. Suppose -58 = -7*j + 110. What is the remainder when r(j) is divided by 9?
6
Let m = -5957 + 5975. Calculate the remainder when 2121 is divided by m.
15
Suppose 200 + 306 = 46*r. Let h(y) = 8*y - 82. Calculate the remainder when 335 is divided by h(r).
5
Let b = -396 - -395. Calculate the remainder when 270 is divided by (b + 35)/((22 - 8)/7).
15
What is the remainder when 343 is divided by -1*((-664)/(-3))/(208/(-312))?
11
Let s(v) = -244*v**3 + 2*v**2 - v. Let q be s(1). Let y = q + 373. Calculate the remainder when y is divided by 33.
31
Suppose -21*v + 5763 - 492 = 0. Let q = -82 + v. What is the remainder when q is divided by 3?
1
Let g(d) = 35*d**2 - d + 1. Let u be g(1). Let v = u - 28. What is the remainder when 40 is divided by 2/((-2 + v)/35)?
12
Let z(c) = -c**2 - 4*c. Let t be z(-3). Suppose t*r - 7*r + 12 = 0. What is the remainder when (-14 + (-28)/8 + r)*-2 is divided by 8?
5
Let c(y) = y**3 + 2*y**2 + 23 + 5 - 2*y**3 + y**2 + 22*y + 5*y**2. Calculate the remainder when c(10) is divided by 10.
8
Let b = 16 + -15. Calculate the remainder when 47 is divided by (b + 15/(-10))*-68.
13
Let m = -4242 + 4317. Let x(r) = -r**3 - 6*r**2 - 7*r + 8. Let y be x(-6). Let a = m - y. What is the remainder when 45 is divided by a?
20
Let o = 48958 + -48848. Let z = -4 + 8. Suppose -z*h + 64 + 0 = 0. Calculate the remainder when o is divided by h.
14
Let k(s) = 15*s**2 + 13*s + 202. Calculate the remainder when k(-31) is divided by 8.
6
Suppose -2*f = -3*r - r - 888, 5*r = -5*f - 1110. Let w = -208 - r. Calculate the remainder when 191 is divided by w.
9
Let h(i) = -13*i - 14. Let k be h(-11). Let b = -104 + k. Calculate the remainder when 81 is divided by b.
6
Suppose -o = 108*o + 142*o - 67017. Calculate the remainder when 862 is divided by o.
61
Suppose 2*w - 10 = 0, 0 = -2*k - 3*w + 321 + 66. Suppose -10*j = -16*j + k. Let c = j + -20. What is the remainder when 42 is divided by c?
9
Let l(h) be the first derivative of 6*h**2 - 17*h - 9. Let n be l(10). Suppose -3*t + 386 + n = 0. Calculate the remainder when t is divided by 33.
31
Let f be (264/9)/((-4)/(-6)). Suppose -w - 28 = -3*i, -3*i + f = 2*i - 3*w. Suppose 154 = 7*v + 35. Calculate the remainder when v is divided by i.
7
Let k(y) = y**3 + 10*y**2 + y + 47. Calculate the remainder when k(-5) is divided by 61.
45
Let j(v) = -v**3 - 2*v**2 + v + 2. Let l be j(-2). Let y be (-8)/2 + l/(-15). What is the remainder when (210/18 + y)*(6 - 0) is divided by 10?
6
Suppose h = 2*t - 5*t + 9, t + 5*h + 11 = 0. Suppose t*k + 2*r - 298 = -r, 2*k = -r + 150. What is the remainder when k is divided by 22?
10
Suppose -579 + 99 = -5*q. Suppose -3*s - q = -5*s. Let j = s + 116. Calculate the remainder when j is divided by 33.
32
Let f = -73 - -17. Let m be (2 + -8)/((-8)/(-252)*-3). Let r = m + f. What is the remainder when 40 is divided by r?
5
Suppose -5*l = -3*i + 5 + 161, -i = 2*l - 59. Suppose -i = -25*y + 1293. Calculate the remainder when y is divided by 11.
10
Let l = 16 - 20. Let g(p) = -p**3 + 5*p**2 + 5*p + 1. Calculate the remainder when 1 - (-39 + l - 3) - -4 is divided by g(5).
25
Let y = 78 - 74. Let o(b) = b**3 + b**2 - b - 4. What is the remainder when o(y) is divided by 34?
4
Let r(z) = 9*z**2 - z - 8. Calculate the remainder when r(-9) is divided by 54.
28
Suppose -196 + 197 = q. Calculate the remainder when q + (1 - (4 + -3)) + 12 is divided by 8.
5
Suppose 6*m = 9 + 3. Suppose m*f - 14 = 20. Calculate the remainder when 0 - 0 - 1175/(-5) is divided by f.
14
Let r(k) = -19*k + 27. Let w(c) = 3*c + 28. Let h be w(-12). Let z be r(h). Let g = z - 80. Calculate the remainder when g is divided by 34.
31
Let y = -7900 + 7937. What is the remainder when 564 is divided by y?
9
Suppose -3*t + 192 - 84 = 0. Let m(x) = -83*x + 37. What is the remainder when m(-3) is divided by t?
34
Let g be (-24)/(((-4)/(-72))/((-2)/8)). Suppose -12*m - 2*i - g = -15*m, -2*i = m - 36. What is the remainder when 38 is divided by m?
2
Let t = -5266 + 5453. What is the remainder when t is divided by 21?
19
Suppose 13*x - 45 = 20. Suppose -502 = -4*q + 2*d, -4*q + 581 = -x*d + 76. What is the remainder when q is divided by 16?
13
Let h(m) = -2*m**3 + m**2 + m. Let a be 